n divisor of 4455 and c.
81
Let z = 263 - -256. Suppose -z = -4*m - 3*g, -4*m = -3*g - 107 - 382. Let q = m + -113. What is the highest common divisor of 117 and q?
13
Suppose -71 = -5*t + 4*g, -5*g - 159 = -4*t - 104. Calculate the greatest common divisor of t and 17805.
15
Let v(f) = -2*f + 62. Suppose 4*u - 698 = -674. Let w be v(u). Suppose -5*y + 50 = -0*y. Calculate the greatest common factor of y and w.
10
Let c(w) = -41*w + 309. Let n be c(7). Calculate the highest common factor of n and 1430.
22
Let v be (1*9/12)/((-8)/(-3424)). Let a = v + -298. What is the highest common factor of a and 207?
23
Suppose 95*m = 88*m. Suppose 3*j - 4*o = 33, m*j - 4*o + 33 = 3*j. What is the highest common divisor of j and 253?
11
Let p(m) = 3*m**2 - m + 3. Let c be p(1). Let t = 206 + -71. What is the greatest common factor of c and t?
5
Let m(k) = 17*k**2 + 2*k - 1. Let u = -5 - -6. Let t be m(u). Let y(f) = f**3 - 5*f + 6. Let a be y(3). Calculate the highest common factor of a and t.
18
Let m(o) = 26 - 1 + 8 + 1 - o + o**2. Let z be m(-16). Calculate the greatest common factor of 34 and z.
34
Suppose a = 885*g - 886*g + 184, -g = 2*a - 373. What is the greatest common divisor of a and 93?
3
Let n(j) = -213*j - 2662. Let f be n(-13). What is the greatest common factor of 13589 and f?
107
Let v = 853 + -253. Suppose -13*i + v = -i. Let k be 15/(-2)*(-8)/3. What is the highest common divisor of i and k?
10
Let x = -3330 - -3340. What is the highest common factor of x and 35?
5
Suppose 3702 + 478 = 10*r. Calculate the highest common divisor of r and 266.
38
Suppose 11*y + 4355 = 284*y + 62*y. Calculate the greatest common factor of 47801 and y.
13
Suppose 0 = -z + 2*z, -2*j - 3*z = 0. Suppose j = -l - 3*g + 16, -4*g + 17 = -l + 5. What is the highest common factor of 2 and l?
2
Suppose 3*x - 5*g = 60, 16 + 38 = 3*x - 4*g. Calculate the greatest common factor of x and 270.
10
Let s be (-1 - (-15)/6)*76/6. Suppose -3*t - 8 = -5*u + s, -2 = 2*u + 2*t. Suppose u*y = 7*y - 336. Calculate the highest common divisor of 42 and y.
42
Suppose 6*w - 3*v + 17 = 10*w, 2*w - 3*v + 5 = 0. Suppose -y + w*f = -253, -5*y = -3*f - 659 - 571. What is the greatest common factor of 324 and y?
81
Let a = -5 - -4. Let x be (-2 - 0 - a)/(2/(-4)). Suppose -f - y + 37 = -8, 66 = x*f - 4*y. What is the highest common factor of 205 and f?
41
Let j = 17 - -388. Suppose -21*t + 6*t = -j. Calculate the highest common divisor of t and 144.
9
Let x be 652*(6 + (-50)/8). Let s = x - -165. What is the highest common divisor of s and 19?
1
Suppose -15 = f + 1116*w - 1121*w, 2*w + 58 = 2*f. Let v be (105/6)/(1/4). What is the greatest common factor of v and f?
10
Suppose 3*y - 6*f = -11*f - 42, 2*y + 28 = -3*f. Let v be 4/y + (-242)/(-14). Suppose -12*q - 30 = -v*q. Calculate the greatest common factor of 2 and q.
2
Let w = 1608 + -1360. Suppose -82 = -j - 5*o, -143 = -4*j + 2*o + 97. What is the highest common factor of w and j?
62
Suppose -2*p + 3*k = -31, 3*k = 4*p - 9*p + 25. What is the greatest common factor of 290 and p?
2
Suppose 2 = -2*g - 0. Let d be 1/(g*4/76)*-9. Let o(s) = -s**2 - 15*s + 9. Let u be o(0). What is the greatest common divisor of u and d?
9
Let f(m) = -m**3 + 22*m**2 + 106*m + 336. Let r be f(20). Calculate the highest common divisor of r and 111.
37
Suppose -9*d - 40 = -112. Suppose -4*g = -2*k - 42, -2*g = -g + 4*k + 12. Calculate the highest common factor of g and d.
8
Let j(o) = o**3 - 20*o**2 + 23*o - 60. Let h(a) = a**2 + 8*a - 29. Let z be h(-12). Let x be j(z). Calculate the greatest common factor of x and 52.
4
Suppose -u + 1695 + 146 + 1063 = 0. What is the greatest common factor of 198 and u?
66
Let m(v) = -25*v**2 + 449*v + 38. Let y be m(18). What is the greatest common divisor of y and 524?
4
Suppose 16 + 5 = -21*l. Let z be l/(0 - (-7)/(-840)). Let o be 10 - ((1 - 2) + -1). Calculate the greatest common divisor of z and o.
12
Suppose -158710 = 1146*c - 1205*c. What is the highest common divisor of 20 and c?
10
Suppose 25 = -2*d + 145. Let n = -67 + d. Let z = 11 + n. What is the highest common divisor of 44 and z?
4
Suppose z - 17 = -2*l + l, -3*l - 93 = -5*z. Suppose 4314 = z*b - 4110. What is the greatest common factor of b and 27?
9
Let q(x) = x - 8. Let k be q(4). Let i be ((-34)/4 + -2)*k. What is the greatest common divisor of i and 14?
14
Suppose -4*x + 90 = x. Suppose -4*n + 80 = m - 9, 3*n - 5*m - 61 = 0. Calculate the greatest common divisor of n and x.
2
Let v(t) = -47*t**2 + 195*t + 25. Let p(o) = -71*o**2 + 293*o + 38. Let x(g) = 5*p(g) - 8*v(g). Let r be x(6). Calculate the greatest common factor of 11 and r.
11
Let w = 7812 - -6258. Calculate the highest common factor of 105 and w.
105
Let r be (-1160)/1015 - 1*(-402)/21. What is the highest common divisor of 100 and r?
2
Let l(s) = -2*s**2 + 3*s**2 - 10*s - 4 - 4 - 2*s**2. Let b be ((-6)/(-10))/((-14)/210). Let u be l(b). What is the greatest common factor of u and 11?
1
Let d(h) = 3*h**3 - 202*h**2 + 63*h + 346. Let r be d(67). Calculate the greatest common factor of r and 9230.
26
Let l be ((-1)/(-12)*-10)/((-6)/36). Suppose -3*r + 5*r = 2*h - 186, 25 = l*r. What is the greatest common factor of 42 and h?
14
Let k(x) = 3*x**2 + 11*x - 17. Let t be k(-6). Let q(l) = l + 1. Let i be q(4). Suppose -s = -2*s + i. Calculate the greatest common factor of s and t.
5
Let w(l) = -l**3 - 6*l**2 + l. Suppose 26 = -c + 4*i, -c + 3 = c + 3*i. Let a be w(c). Let z be 8/a*(-252)/24. Calculate the greatest common factor of 28 and z.
14
Let f(h) = -36*h**3 + 2198*h**2 - 122*h + 16. Let a be f(61). Let d be ((-12)/(-1) + 0)*12. What is the greatest common factor of d and a?
16
Suppose -46*s + 833 = -39*s. Let p = -95 + s. Calculate the greatest common divisor of p and 16.
8
Let l(r) = -53*r - 107. Suppose 59*t = 64*t + 20. Let m be l(t). Calculate the greatest common divisor of m and 245.
35
Let z be (0 + (-66)/8)/((-18)/6480). Calculate the highest common factor of 110 and z.
110
Let n(r) = 41*r + 277. Let s be n(6). Calculate the highest common divisor of 1 and s.
1
Let q be -5 + (4 + 41)/5 + -2. Suppose -3*b = q*b - 200. Calculate the highest common factor of 40 and b.
40
Suppose -16 = -6*n + 194. Suppose 13*a + n - 672 = 0. Calculate the highest common divisor of 931 and a.
49
Let g(t) = 47*t + 6 - 49*t + 29*t**2 + 1 - 2 - 3. Suppose 2*m = -4*w - 10, -8 = 3*w + 1. Let k be g(m). Calculate the highest common divisor of k and 58.
29
Let u(j) = -j**3 - 9*j**2 + 6*j - 12. Let g be u(-10). Let q = 177 - 264. Let a = 185 + q. Calculate the greatest common divisor of g and a.
14
Let s = -1502 + 1712. Calculate the greatest common factor of s and 336.
42
Let r be 6/18*-3 - 3. Let j be (r - (4 + (-7 - 0))) + 38. Calculate the greatest common divisor of j and 259.
37
Let m(f) = 5*f**2 + 2174*f - 13008. Let h be m(6). Let u be (2/(-4))/(3/162). Let d be 4/18 + (-723)/u. Calculate the greatest common factor of d and h.
27
Let u = -73 + 87. Let q be ((-229)/(-7) + 4/u)/(-1). Let d = q + 88. What is the greatest common divisor of 10 and d?
5
Let o be 1/(5 + 1389/(-278)). Let b = 298 - o. What is the highest common divisor of 160 and b?
20
Let i be 4/8*(0 - -200). Suppose 13*g - i = 11*g. Let y = -51 + 71. Calculate the greatest common divisor of y and g.
10
Suppose 622 = -4*l + 1902. Suppose 0 = 13*a - 2075 + l. Calculate the highest common divisor of 180 and a.
45
Suppose -3*w + g = -18111, -4*w - 3*g + 19541 = -4633. What is the greatest common factor of w and 122?
61
Suppose 0 = 4*l - 2*y - 52, 2*l + 5*y - 8 = -18. What is the greatest common divisor of l and 5?
5
Suppose 4*w + w = -5*l + 50, w + 50 = 5*l. Suppose 0 = 4*u - l - 22. What is the highest common divisor of u and 6?
2
Let l be (-12)/(-15)*5/(-2). Let k(z) = -14*z + 540. Let r be k(40). Let f be r/1*2/l. What is the greatest common divisor of f and 80?
20
Let l = 0 + 8. Let j = 33 + -31. Let t be j/16 + 7160/64. Calculate the highest common factor of t and l.
8
Suppose -103*s + 3763 = 364. What is the highest common factor of 3652 and s?
11
Suppose 4*y - 81 = -33. Let t be 24/(-12) + 10/2. Calculate the highest common factor of y and t.
3
Let p be (-8)/10*(-855)/114. Let w be p/63 + 24176/168. What is the greatest common factor of w and 9?